{"id":2487,"date":"2025-05-06T11:33:34","date_gmt":"2025-05-06T11:33:34","guid":{"rendered":"https:\/\/theredconference.me\/predavaci\/\/"},"modified":"2026-05-09T11:59:06","modified_gmt":"2026-05-09T11:59:06","slug":"marko-celebic","status":"publish","type":"speakers","link":"https:\/\/theredconference.me\/en\/speakers\/marko-celebic\/","title":{"rendered":"Marko \u010celebi\u0107"},"content":{"rendered":"<h1>Marko \u010celebi\u0107<\/h1>\n<figure id=\"attachment_2936\" aria-describedby=\"caption-attachment-2936\" style=\"width: 523px\" class=\"wp-caption alignright\"><img loading=\"lazy\" decoding=\"async\" class=\"wp-image-2936 size-full\" src=\"https:\/\/theredconference.me\/wp-content\/uploads\/2025\/05\/Marko-Celebic-1.png\" alt=\"\" width=\"523\" height=\"674\" \/><figcaption id=\"caption-attachment-2936\" class=\"wp-caption-text\">Marko \u010celebi\u0107<\/figcaption><\/figure>\n<article class=\"text-token-text-primary w-full\" dir=\"auto\" data-testid=\"conversation-turn-102\" data-scroll-anchor=\"true\">\n<div class=\"text-base my-auto mx-auto py-5 [--thread-content-margin:--spacing(4)] @[37rem]:[--thread-content-margin:--spacing(6)] @[70rem]:[--thread-content-margin:--spacing(12)] px-(--thread-content-margin)\">\n<div class=\"[--thread-content-max-width:32rem] @[34rem]:[--thread-content-max-width:40rem] @[64rem]:[--thread-content-max-width:48rem] mx-auto flex max-w-(--thread-content-max-width) flex-1 text-base gap-4 md:gap-5 lg:gap-6 group\/turn-messages focus-visible:outline-hidden\" tabindex=\"-1\">\n<div class=\"group\/conversation-turn relative flex w-full min-w-0 flex-col agent-turn\">\n<div class=\"relative flex-col gap-1 md:gap-3\">\n<div class=\"flex max-w-full flex-col grow\">\n<div class=\"min-h-8 text-message relative flex w-full flex-col items-end gap-2 text-start break-words whitespace-normal [.text-message+&amp;]:mt-5\" dir=\"auto\" data-message-author-role=\"assistant\" data-message-id=\"8bab2b39-ff7c-4082-aea3-29a77984d158\" data-message-model-slug=\"gpt-4o\">\n<div class=\"flex w-full flex-col gap-1 empty:hidden first:pt-[3px]\">\n<div class=\"markdown prose dark:prose-invert w-full break-words light\">\n<article class=\"text-token-text-primary w-full\" dir=\"auto\" data-testid=\"conversation-turn-12\" data-scroll-anchor=\"true\">\n<div class=\"text-base my-auto mx-auto py-5 [--thread-content-margin:--spacing(4)] @[37rem]:[--thread-content-margin:--spacing(6)] @[72rem]:[--thread-content-margin:--spacing(16)] px-(--thread-content-margin)\">\n<div class=\"[--thread-content-max-width:32rem] @[34rem]:[--thread-content-max-width:40rem] @[64rem]:[--thread-content-max-width:48rem] mx-auto flex max-w-(--thread-content-max-width) flex-1 text-base gap-4 md:gap-5 lg:gap-6 group\/turn-messages focus-visible:outline-hidden\" tabindex=\"-1\">\n<div class=\"group\/conversation-turn relative flex w-full min-w-0 flex-col agent-turn\">\n<div class=\"relative flex-col gap-1 md:gap-3\">\n<div class=\"flex max-w-full flex-col grow\">\n<div class=\"min-h-8 text-message relative flex w-full flex-col items-end gap-2 text-start break-words whitespace-normal [.text-message+&amp;]:mt-5\" dir=\"auto\" data-message-author-role=\"assistant\" data-message-id=\"4f9fcf13-c37f-4b6f-96cd-2c58882817f8\" data-message-model-slug=\"gpt-4o\">\n<div class=\"flex w-full flex-col gap-1 empty:hidden first:pt-[3px]\">\n<div class=\"markdown prose dark:prose-invert w-full break-words light\">\n<h2 data-start=\"0\" data-end=\"79\">Member of the Management Board, NLB Bank&nbsp;<\/h2>\n<\/div>\n<\/div>\n<\/div>\n<\/div>\n<\/div>\n<\/div>\n<\/div>\n<\/div>\n<\/article>\n<\/div>\n<\/div>\n<\/div>\n<\/div>\n<\/div>\n<\/div>\n<\/div>\n<\/div>\n<\/article>\n<p>Marko \u010celebi\u0107 has been a member of the Management Board of NLB Banka AD Podgorica since 2025. He began his career in the banking sector in 2010 at Nova Ljubljanska banka d.d. Ljubljana, where he held the position of Area Manager for International Corporate Banking. Over the years, Mr. \u010celebi\u0107 advanced to the roles of Regional Manager and Senior Advisor to the CEO for international markets.<\/p>\n<p>Prior to his appointment to the Management Board of NLB Banka AD Podgorica, Mr. \u010celebi\u0107 served as Director of NLB Crna Gora d.o.o. and NLB InterFinanz AG, Ljubljana Branch. His professional background also includes positions as Advisor to the Management Board and Head of Corporate and SME Banking. In addition, he was a member of the Board of Directors of Tara Hotel d.o.o.<\/p>\n<p>Mr. \u010celebi\u0107 is recognized for his extensive experience in managing international corporate banking operations and leading a wide range of banking projects. His academic credentials and professional education include the Management Acceleration Program at IECD, FCI Academy Training, Moody\u2019s Project Finance program, Green Line Conversion, IC-Agile Certificate, The Credential on Business Agility, among many others.<\/p>\n","protected":false},"excerpt":{"rendered":"<p>Member of the Management Board, NLB Bank<\/p>\n","protected":false},"author":4,"featured_media":2936,"menu_order":19,"template":"","meta":{"_acf_changed":false,"_monsterinsights_skip_tracking":false,"footnotes":""},"class_list":["post-2487","speakers","type-speakers","status-publish","has-post-thumbnail","hentry"],"acf":[],"aioseo_notices":[],"_links":{"self":[{"href":"https:\/\/theredconference.me\/en\/wp-json\/wp\/v2\/speakers\/2487","targetHints":{"allow":["GET"]}}],"collection":[{"href":"https:\/\/theredconference.me\/en\/wp-json\/wp\/v2\/speakers"}],"about":[{"href":"https:\/\/theredconference.me\/en\/wp-json\/wp\/v2\/types\/speakers"}],"author":[{"embeddable":true,"href":"https:\/\/theredconference.me\/en\/wp-json\/wp\/v2\/users\/4"}],"version-history":[{"count":7,"href":"https:\/\/theredconference.me\/en\/wp-json\/wp\/v2\/speakers\/2487\/revisions"}],"predecessor-version":[{"id":3013,"href":"https:\/\/theredconference.me\/en\/wp-json\/wp\/v2\/speakers\/2487\/revisions\/3013"}],"wp:featuredmedia":[{"embeddable":true,"href":"https:\/\/theredconference.me\/en\/wp-json\/wp\/v2\/media\/2936"}],"wp:attachment":[{"href":"https:\/\/theredconference.me\/en\/wp-json\/wp\/v2\/media?parent=2487"}],"curies":[{"name":"wp","href":"https:\/\/api.w.org\/{rel}","templated":true}]}}

Marko Čelebić

<h1>Marko Čelebić</h1>
<figure id="attachment_2936" aria-describedby="caption-attachment-2936" style="width: 523px" class="wp-caption alignright"><img loading="lazy" decoding="async" class="wp-image-2936 size-full" src="https://theredconference.me/wp-content/uploads/2025/05/Marko-Celebic-1.png" alt="" width="523" height="674" /><figcaption id="caption-attachment-2936" class="wp-caption-text">Marko Čelebić</figcaption></figure>
<article class="text-token-text-primary w-full" dir="auto" data-testid="conversation-turn-102" data-scroll-anchor="true">
<div class="text-base my-auto mx-auto py-5 [--thread-content-margin:--spacing(4)] @[37rem]:[--thread-content-margin:--spacing(6)] @[70rem]:[--thread-content-margin:--spacing(12)] px-(--thread-content-margin)">
<div class="[--thread-content-max-width:32rem] @[34rem]:[--thread-content-max-width:40rem] @[64rem]:[--thread-content-max-width:48rem] mx-auto flex max-w-(--thread-content-max-width) flex-1 text-base gap-4 md:gap-5 lg:gap-6 group/turn-messages focus-visible:outline-hidden" tabindex="-1">
<div class="group/conversation-turn relative flex w-full min-w-0 flex-col agent-turn">
<div class="relative flex-col gap-1 md:gap-3">
<div class="flex max-w-full flex-col grow">
<div class="min-h-8 text-message relative flex w-full flex-col items-end gap-2 text-start break-words whitespace-normal [.text-message+&amp;]:mt-5" dir="auto" data-message-author-role="assistant" data-message-id="8bab2b39-ff7c-4082-aea3-29a77984d158" data-message-model-slug="gpt-4o">
<div class="flex w-full flex-col gap-1 empty:hidden first:pt-[3px]">
<div class="markdown prose dark:prose-invert w-full break-words light">
<article class="text-token-text-primary w-full" dir="auto" data-testid="conversation-turn-12" data-scroll-anchor="true">
<div class="text-base my-auto mx-auto py-5 [--thread-content-margin:--spacing(4)] @[37rem]:[--thread-content-margin:--spacing(6)] @[72rem]:[--thread-content-margin:--spacing(16)] px-(--thread-content-margin)">
<div class="[--thread-content-max-width:32rem] @[34rem]:[--thread-content-max-width:40rem] @[64rem]:[--thread-content-max-width:48rem] mx-auto flex max-w-(--thread-content-max-width) flex-1 text-base gap-4 md:gap-5 lg:gap-6 group/turn-messages focus-visible:outline-hidden" tabindex="-1">
<div class="group/conversation-turn relative flex w-full min-w-0 flex-col agent-turn">
<div class="relative flex-col gap-1 md:gap-3">
<div class="flex max-w-full flex-col grow">
<div class="min-h-8 text-message relative flex w-full flex-col items-end gap-2 text-start break-words whitespace-normal [.text-message+&amp;]:mt-5" dir="auto" data-message-author-role="assistant" data-message-id="4f9fcf13-c37f-4b6f-96cd-2c58882817f8" data-message-model-slug="gpt-4o">
<div class="flex w-full flex-col gap-1 empty:hidden first:pt-[3px]">
<div class="markdown prose dark:prose-invert w-full break-words light">
<h2 data-start="0" data-end="79">Member of the Management Board, NLB Bank&nbsp;</h2>
</div>
</div>
</div>
</div>
</div>
</div>
</div>
</div>
</article>
</div>
</div>
</div>
</div>
</div>
</div>
</div>
</div>
</article>
<p>Marko Čelebić has been a member of the Management Board of NLB Banka AD Podgorica since 2025. He began his career in the banking sector in 2010 at Nova Ljubljanska banka d.d. Ljubljana, where he held the position of Area Manager for International Corporate Banking. Over the years, Mr. Čelebić advanced to the roles of Regional Manager and Senior Advisor to the CEO for international markets.</p>
<p>Prior to his appointment to the Management Board of NLB Banka AD Podgorica, Mr. Čelebić served as Director of NLB Crna Gora d.o.o. and NLB InterFinanz AG, Ljubljana Branch. His professional background also includes positions as Advisor to the Management Board and Head of Corporate and SME Banking. In addition, he was a member of the Board of Directors of Tara Hotel d.o.o.</p>
<p>Mr. Čelebić is recognized for his extensive experience in managing international corporate banking operations and leading a wide range of banking projects. His academic credentials and professional education include the Management Acceleration Program at IECD, FCI Academy Training, Moody’s Project Finance program, Green Line Conversion, IC-Agile Certificate, The Credential on Business Agility, among many others.</p>
